{"id":1217,"date":"2020-10-15T14:33:00","date_gmt":"2020-10-15T12:33:00","guid":{"rendered":"http:\/\/der-kleine-landladen.de\/?post_type=tribe_events&#038;p=1217"},"modified":"2020-10-15T14:37:48","modified_gmt":"2020-10-15T12:37:48","slug":"kreativmarkt-in-der-messe-dresden","status":"publish","type":"tribe_events","link":"https:\/\/der-kleine-landladen.de\/?tribe_events=kreativmarkt-in-der-messe-dresden","title":{"rendered":"Kreativmarkt in der Messe Dresden"},"content":{"rendered":"<p>Am 31.10. ab 11 Uhr bis zum 01.11. 17:00 Uhr k\u00f6nnt ihr in der Messe Dresden eueren Lieblingsstand wieder live sehen. \u00dcber einen Besuch von euch w\u00fcrden wir uns freuen<\/p>\n","protected":false},"excerpt":{"rendered":"<p>Am 31.10. bis zum 01.11. ist Kreativmarkt in der Messe in Dresden. \u00dcber einen Besuch von Euch w\u00fcrden wir uns sehr freuen.<\/p>\n","protected":false},"author":1,"featured_media":0,"comment_status":"open","ping_status":"closed","template":"","meta":{"_tribe_events_status":"","_tribe_events_status_reason":"","footnotes":""},"tags":[],"tribe_events_cat":[33],"class_list":["post-1217","tribe_events","type-tribe_events","status-publish","hentry","tribe_events_cat-aktuelle-veranstaltungen","cat_aktuelle-veranstaltungen"],"jetpack_sharing_enabled":true,"_links":{"self":[{"href":"https:\/\/der-kleine-landladen.de\/index.php?rest_route=\/wp\/v2\/tribe_events\/1217","targetHints":{"allow":["GET"]}}],"collection":[{"href":"https:\/\/der-kleine-landladen.de\/index.php?rest_route=\/wp\/v2\/tribe_events"}],"about":[{"href":"https:\/\/der-kleine-landladen.de\/index.php?rest_route=\/wp\/v2\/types\/tribe_events"}],"author":[{"embeddable":true,"href":"https:\/\/der-kleine-landladen.de\/index.php?rest_route=\/wp\/v2\/users\/1"}],"replies":[{"embeddable":true,"href":"https:\/\/der-kleine-landladen.de\/index.php?rest_route=%2Fwp%2Fv2%2Fcomments&post=1217"}],"version-history":[{"count":4,"href":"https:\/\/der-kleine-landladen.de\/index.php?rest_route=\/wp\/v2\/tribe_events\/1217\/revisions"}],"predecessor-version":[{"id":1222,"href":"https:\/\/der-kleine-landladen.de\/index.php?rest_route=\/wp\/v2\/tribe_events\/1217\/revisions\/1222"}],"wp:attachment":[{"href":"https:\/\/der-kleine-landladen.de\/index.php?rest_route=%2Fwp%2Fv2%2Fmedia&parent=1217"}],"wp:term":[{"taxonomy":"post_tag","embeddable":true,"href":"https:\/\/der-kleine-landladen.de\/index.php?rest_route=%2Fwp%2Fv2%2Ftags&post=1217"},{"taxonomy":"tribe_events_cat","embeddable":true,"href":"https:\/\/der-kleine-landladen.de\/index.php?rest_route=%2Fwp%2Fv2%2Ftribe_events_cat&post=1217"}],"curies":[{"name":"wp","href":"https:\/\/api.w.org\/{rel}","templated":true}]}}

<p>Am 31.10. ab 11 Uhr bis zum 01.11. 17:00 Uhr könnt ihr in der Messe Dresden eueren Lieblingsstand wieder live sehen. Über einen Besuch von euch würden wir uns freuen</p>

<p>Am 31.10. bis zum 01.11. ist Kreativmarkt in der Messe in Dresden. Über einen Besuch von Euch würden wir uns sehr freuen.</p>
