{"id":1301,"date":"2020-11-27T18:35:42","date_gmt":"2020-11-27T17:35:42","guid":{"rendered":"http:\/\/der-kleine-landladen.de\/?post_type=tribe_events&#038;p=1301"},"modified":"2020-12-11T18:33:53","modified_gmt":"2020-12-11T17:33:53","slug":"advent-auf-dem-lande-zweite-advent","status":"publish","type":"tribe_events","link":"https:\/\/der-kleine-landladen.de\/?tribe_events=advent-auf-dem-lande-zweite-advent","title":{"rendered":"Advent auf dem Lande 3. Advent"},"content":{"rendered":"<p>Lasst uns die Adventszeit genie\u00dfen, Ihr findet bei uns Sch\u00f6nes &#8222;Altes und Neues&#8220; f\u00fcr Wohnung, Haus und Garten.<\/p>\n<p>Wir freuen uns auf Euren Besuch.<\/p>\n<p>\u00d6ffnungszeit:<\/p>\n<p>12.12.2020 von 13 bis 18 Uhr<\/p>\n<p>13.12.2020 von 13 bis 18 Uhr.<\/p>\n","protected":false},"excerpt":{"rendered":"<p>Lasst uns die Adventszeit genie\u00dfen, Ihr findet bei uns Sch\u00f6nes &#8222;Altes und Neues&#8220; f\u00fcr Wohnung, Haus und Garten.<\/p>\n","protected":false},"author":1,"featured_media":1291,"comment_status":"open","ping_status":"closed","template":"","meta":{"_tribe_events_status":"","_tribe_events_status_reason":"","footnotes":""},"tags":[],"tribe_events_cat":[33],"class_list":["post-1301","tribe_events","type-tribe_events","status-publish","has-post-thumbnail","hentry","tribe_events_cat-aktuelle-veranstaltungen","cat_aktuelle-veranstaltungen"],"jetpack_sharing_enabled":true,"_links":{"self":[{"href":"https:\/\/der-kleine-landladen.de\/index.php?rest_route=\/wp\/v2\/tribe_events\/1301","targetHints":{"allow":["GET"]}}],"collection":[{"href":"https:\/\/der-kleine-landladen.de\/index.php?rest_route=\/wp\/v2\/tribe_events"}],"about":[{"href":"https:\/\/der-kleine-landladen.de\/index.php?rest_route=\/wp\/v2\/types\/tribe_events"}],"author":[{"embeddable":true,"href":"https:\/\/der-kleine-landladen.de\/index.php?rest_route=\/wp\/v2\/users\/1"}],"replies":[{"embeddable":true,"href":"https:\/\/der-kleine-landladen.de\/index.php?rest_route=%2Fwp%2Fv2%2Fcomments&post=1301"}],"version-history":[{"count":3,"href":"https:\/\/der-kleine-landladen.de\/index.php?rest_route=\/wp\/v2\/tribe_events\/1301\/revisions"}],"predecessor-version":[{"id":1327,"href":"https:\/\/der-kleine-landladen.de\/index.php?rest_route=\/wp\/v2\/tribe_events\/1301\/revisions\/1327"}],"wp:featuredmedia":[{"embeddable":true,"href":"https:\/\/der-kleine-landladen.de\/index.php?rest_route=\/wp\/v2\/media\/1291"}],"wp:attachment":[{"href":"https:\/\/der-kleine-landladen.de\/index.php?rest_route=%2Fwp%2Fv2%2Fmedia&parent=1301"}],"wp:term":[{"taxonomy":"post_tag","embeddable":true,"href":"https:\/\/der-kleine-landladen.de\/index.php?rest_route=%2Fwp%2Fv2%2Ftags&post=1301"},{"taxonomy":"tribe_events_cat","embeddable":true,"href":"https:\/\/der-kleine-landladen.de\/index.php?rest_route=%2Fwp%2Fv2%2Ftribe_events_cat&post=1301"}],"curies":[{"name":"wp","href":"https:\/\/api.w.org\/{rel}","templated":true}]}}

<p>Lasst uns die Adventszeit genießen, Ihr findet bei uns Schönes &#8222;Altes und Neues&#8220; für Wohnung, Haus und Garten.</p>
<p>Wir freuen uns auf Euren Besuch.</p>
<p>Öffnungszeit:</p>
<p>12.12.2020 von 13 bis 18 Uhr</p>
<p>13.12.2020 von 13 bis 18 Uhr.</p>

<p>Lasst uns die Adventszeit genießen, Ihr findet bei uns Schönes &#8222;Altes und Neues&#8220; für Wohnung, Haus und Garten.</p>
