{"id":3185,"date":"2026-09-01T21:19:33","date_gmt":"2026-09-01T19:19:33","guid":{"rendered":"https:\/\/der-kleine-landladen.de\/?post_type=tribe_events&#038;p=3185"},"modified":"2026-09-01T21:21:42","modified_gmt":"2026-09-01T19:21:42","slug":"natur-fischerfest-2026-erlichthof-rietschen","status":"publish","type":"tribe_events","link":"https:\/\/der-kleine-landladen.de\/?tribe_events=natur-fischerfest-2026-erlichthof-rietschen","title":{"rendered":"Natur- &#038; Fischerfest 2026 Erlichthof Rietschen"},"content":{"rendered":"<div class=\"pave-chapeau\">\n<div>\n<h2 class=\"pave-h2\">Natur- und Fischerfest \u2014 Ausgabe 2026<\/h2>\n<\/div>\n<\/div>\n<div class=\"pave-prose pave-riche pave-affiche__tete\">Das Natur- und Fischerfest 2026 findet am Samstag, 26. September 2026 von 9 bis 17 Uhr am Erlichtteich des Erlichthofs Rietschen statt. Abfischen, Lausitzer Fischspezialit\u00e4ten, Naturmarkt, Pilzausstellung, Live-Musik mit TAM TAM.<\/div>\n<div class=\"pave-duo\">\n<div>\n<div class=\"pave-prose pave-riche\">\n<p>Wie jedes Jahr im Rahmen der Lausitzer Fischwochen organisieren die Fischer der Region das \u00f6ffentliche Abfischen am Erlichtteich. Naturmarkt mit Honig, ger\u00e4ucherten und frischen Lausitzer Karpfen, Wildprodukten und regionalen Spezialit\u00e4ten erg\u00e4nzt das Geschehen. Live-Musik (TAM TAM) begleitet den Tag, eine Pilzausstellung gibt Einblick in die heimische Mykologie<\/p>\n<\/div>\n<p><img data-recalc-dims=\"1\" fetchpriority=\"high\" decoding=\"async\" class=\"alignnone size-medium wp-image-3188\" src=\"https:\/\/i0.wp.com\/der-kleine-landladen.de\/wp-content\/uploads\/2026\/09\/Plakat_NFF_26.jpg?resize=357%2C500&#038;ssl=1\" alt=\"\" width=\"357\" height=\"500\" srcset=\"https:\/\/i0.wp.com\/der-kleine-landladen.de\/wp-content\/uploads\/2026\/09\/Plakat_NFF_26.jpg?resize=357%2C500&amp;ssl=1 357w, https:\/\/i0.wp.com\/der-kleine-landladen.de\/wp-content\/uploads\/2026\/09\/Plakat_NFF_26.jpg?resize=730%2C1024&amp;ssl=1 730w, https:\/\/i0.wp.com\/der-kleine-landladen.de\/wp-content\/uploads\/2026\/09\/Plakat_NFF_26.jpg?resize=768%2C1077&amp;ssl=1 768w, https:\/\/i0.wp.com\/der-kleine-landladen.de\/wp-content\/uploads\/2026\/09\/Plakat_NFF_26.jpg?resize=1096%2C1536&amp;ssl=1 1096w, https:\/\/i0.wp.com\/der-kleine-landladen.de\/wp-content\/uploads\/2026\/09\/Plakat_NFF_26.jpg?w=1224&amp;ssl=1 1224w\" sizes=\"(max-width: 357px) 100vw, 357px\" \/><\/p>\n<\/div>\n<\/div>\n","protected":false},"excerpt":{"rendered":"<p>Natur- und Fischerfest \u2014 Ausgabe 2026 Das Natur- und Fischerfest 2026 findet am Samstag, 26. September 2026 von 9 bis 17 Uhr am Erlichtteich des Erlichthofs Rietschen statt. Abfischen, Lausitzer Fischspezialit\u00e4ten, Naturmarkt, Pilzausstellung, Live-Musik mit TAM TAM. Wie jedes Jahr im Rahmen der Lausitzer Fischwochen organisieren die Fischer der Region das \u00f6ffentliche Abfischen am Erlichtteich. Naturmarkt mit Honig, ger\u00e4ucherten und frischen Lausitzer Karpfen, Wildprodukten und regionalen Spezialit\u00e4ten erg\u00e4nzt das Geschehen. Live-Musik (TAM TAM) begleitet den Tag, eine Pilzausstellung gibt Einblick in die heimische Mykologie<\/p>\n","protected":false},"author":1,"featured_media":0,"comment_status":"open","ping_status":"closed","template":"","meta":{"_tribe_events_status":"","_tribe_events_status_reason":"","footnotes":""},"tags":[101,119,121,126,107,108,122,109,104],"tribe_events_cat":[],"class_list":["post-3185","tribe_events","type-tribe_events","status-publish","hentry","tag-gartenmarkt","tag-genussmarkt","tag-geschenkartikel","tag-handwerk-in-der-lausitz","tag-kerzen-licht","tag-kleine-geschenke","tag-kleine-mitbringel","tag-naturdeko","tag-neues-und-altes"],"jetpack_sharing_enabled":true,"_links":{"self":[{"href":"https:\/\/der-kleine-landladen.de\/index.php?rest_route=\/wp\/v2\/tribe_events\/3185","targetHints":{"allow":["GET"]}}],"collection":[{"href":"https:\/\/der-kleine-landladen.de\/index.php?rest_route=\/wp\/v2\/tribe_events"}],"about":[{"href":"https:\/\/der-kleine-landladen.de\/index.php?rest_route=\/wp\/v2\/types\/tribe_events"}],"author":[{"embeddable":true,"href":"https:\/\/der-kleine-landladen.de\/index.php?rest_route=\/wp\/v2\/users\/1"}],"replies":[{"embeddable":true,"href":"https:\/\/der-kleine-landladen.de\/index.php?rest_route=%2Fwp%2Fv2%2Fcomments&post=3185"}],"version-history":[{"count":2,"href":"https:\/\/der-kleine-landladen.de\/index.php?rest_route=\/wp\/v2\/tribe_events\/3185\/revisions"}],"predecessor-version":[{"id":3189,"href":"https:\/\/der-kleine-landladen.de\/index.php?rest_route=\/wp\/v2\/tribe_events\/3185\/revisions\/3189"}],"wp:attachment":[{"href":"https:\/\/der-kleine-landladen.de\/index.php?rest_route=%2Fwp%2Fv2%2Fmedia&parent=3185"}],"wp:term":[{"taxonomy":"post_tag","embeddable":true,"href":"https:\/\/der-kleine-landladen.de\/index.php?rest_route=%2Fwp%2Fv2%2Ftags&post=3185"},{"taxonomy":"tribe_events_cat","embeddable":true,"href":"https:\/\/der-kleine-landladen.de\/index.php?rest_route=%2Fwp%2Fv2%2Ftribe_events_cat&post=3185"}],"curies":[{"name":"wp","href":"https:\/\/api.w.org\/{rel}","templated":true}]}}

<div class="pave-chapeau">
<div>
<h2 class="pave-h2">Natur- und Fischerfest — Ausgabe 2026</h2>
</div>
</div>
<div class="pave-prose pave-riche pave-affiche__tete">Das Natur- und Fischerfest 2026 findet am Samstag, 26. September 2026 von 9 bis 17 Uhr am Erlichtteich des Erlichthofs Rietschen statt. Abfischen, Lausitzer Fischspezialitäten, Naturmarkt, Pilzausstellung, Live-Musik mit TAM TAM.</div>
<div class="pave-duo">
<div>
<div class="pave-prose pave-riche">
<p>Wie jedes Jahr im Rahmen der Lausitzer Fischwochen organisieren die Fischer der Region das öffentliche Abfischen am Erlichtteich. Naturmarkt mit Honig, geräucherten und frischen Lausitzer Karpfen, Wildprodukten und regionalen Spezialitäten ergänzt das Geschehen. Live-Musik (TAM TAM) begleitet den Tag, eine Pilzausstellung gibt Einblick in die heimische Mykologie</p>
</div>
<p><img data-recalc-dims="1" fetchpriority="high" decoding="async" class="alignnone size-medium wp-image-3188" src="https://i0.wp.com/der-kleine-landladen.de/wp-content/uploads/2026/09/Plakat_NFF_26.jpg?resize=357%2C500&#038;ssl=1" alt="" width="357" height="500" srcset="https://i0.wp.com/der-kleine-landladen.de/wp-content/uploads/2026/09/Plakat_NFF_26.jpg?resize=357%2C500&amp;ssl=1 357w, https://i0.wp.com/der-kleine-landladen.de/wp-content/uploads/2026/09/Plakat_NFF_26.jpg?resize=730%2C1024&amp;ssl=1 730w, https://i0.wp.com/der-kleine-landladen.de/wp-content/uploads/2026/09/Plakat_NFF_26.jpg?resize=768%2C1077&amp;ssl=1 768w, https://i0.wp.com/der-kleine-landladen.de/wp-content/uploads/2026/09/Plakat_NFF_26.jpg?resize=1096%2C1536&amp;ssl=1 1096w, https://i0.wp.com/der-kleine-landladen.de/wp-content/uploads/2026/09/Plakat_NFF_26.jpg?w=1224&amp;ssl=1 1224w" sizes="(max-width: 357px) 100vw, 357px" /></p>
</div>
</div>

<p>Natur- und Fischerfest — Ausgabe 2026 Das Natur- und Fischerfest 2026 findet am Samstag, 26. September 2026 von 9 bis 17 Uhr am Erlichtteich des Erlichthofs Rietschen statt. Abfischen, Lausitzer Fischspezialitäten, Naturmarkt, Pilzausstellung, Live-Musik mit TAM TAM. Wie jedes Jahr im Rahmen der Lausitzer Fischwochen organisieren die Fischer der Region das öffentliche Abfischen am Erlichtteich. Naturmarkt mit Honig, geräucherten und frischen Lausitzer Karpfen, Wildprodukten und regionalen Spezialitäten ergänzt das Geschehen. Live-Musik (TAM TAM) begleitet den Tag, eine Pilzausstellung gibt Einblick in die heimische Mykologie</p>
